{"id":619,"date":"2023-12-05T13:51:33","date_gmt":"2023-12-05T12:51:33","guid":{"rendered":"https:\/\/www.mavieillepeau.com\/?post_type=product&#038;p=619"},"modified":"2024-06-04T18:50:59","modified_gmt":"2024-06-04T16:50:59","slug":"ernestine-pochette-document-cognac","status":"publish","type":"product","link":"https:\/\/www.mavieillepeau.com\/index.php\/produit\/ernestine-pochette-document-cognac\/","title":{"rendered":"Ernestine [pochette document] Cognac"},"content":{"rendered":"<p>Ernestine, la vieille tante au regard per\u00e7ant, serrait sa pochette en cuir avec une frugalit\u00e9 caract\u00e9ristique. \u00c0 90 ans pass\u00e9s, elle gardait ses papiers essentiels organis\u00e9s, un soupir exasp\u00e9r\u00e9 aux l\u00e8vres. \u00ab\u00a0Les souvenirs sont \u00e9ph\u00e9m\u00e8res, mon cher, mais cette pochette conserve nos histoires\u00a0\u00bb, grognait-elle. Chaque pli du cuir portait les marques du temps, tout comme Ernestine, faisant de la pochette le reflet r\u00e9silient de sa perspicacit\u00e9.<\/p>\r\n<p>Tout comme Ernestine en son temps, rangez vos histoires et vos papiers dans cette pochette afin de les prot\u00e9ger contre l&rsquo;usure et le temps.<\/p>\r\n<p>Le cuir en tannage v\u00e9g\u00e9tal ne contient pas de m\u00e9taux tel que le chrome contrairement au tannage min\u00e9ral. Des nuances de couleurs peuvent \u00eatre observ\u00e9es.<\/p>\r\n<p>La couture est faite main avec du fil de lin de marque fran\u00e7aise. Le fil de lin est l&rsquo;un des meilleurs choix possible pour sa qualit\u00e9, sa r\u00e9sistance et sa solidit\u00e9.<\/p>\r\n<p>Les cuirs sont choisis pour leur aspect authentique. Ils ne sont pas retouch\u00e9s, ce qui leur donne une histoire, un v\u00e9cu et qui rend chaque produit unique. Des d\u00e9fauts visuels tels que des griffures ou des plis sont possibles (voir conditions g\u00e9n\u00e9rales de ventes).<\/p>\r\n<p>Tous les produits seront prot\u00e9g\u00e9s avec un baume pour cuir naturel compos\u00e9 de beurre de cacao, de cire d&rsquo;abeille, et d&rsquo; huile d&rsquo;amande douce. Mais n&rsquo;oubliez pas de continuer \u00e0 l&rsquo;entretenir pour le conserver le plus longtemps possible en bon \u00e9tat.<\/p>\r\n<!-- \/wp:post-content -->\r\n\r\n<!-- wp:paragraph -->\r\n<p>Attention, si vous pr\u00e9sentez une allergie \u00e0 l&rsquo;un des produits pr\u00e9-cit\u00e9 n&rsquo;oubliez pas de le pr\u00e9ciser dans la case commentaire lors de la commande afin que je n&rsquo;applique pas se baume.<\/p>","protected":false},"excerpt":{"rendered":"<p>Ernestine est votre solution pour prot\u00e9ger vos papiers de tous les jours. Enfin une solution robuste et pratique pour ranger votre carte grise avec vos cartes indispensables lors de sorties entre amis et collectionner les souvenirs qui deviendront votre Histoire.<\/p>\n","protected":false},"featured_media":533,"comment_status":"open","ping_status":"closed","template":"","meta":[],"product_brand":[],"product_cat":[28],"product_tag":[29],"class_list":{"0":"post-619","1":"product","2":"type-product","3":"status-publish","4":"has-post-thumbnail","6":"product_cat-porte-carte","7":"product_tag-porte-carte","9":"first","10":"instock","11":"purchasable","12":"product-type-simple"},"jetpack_sharing_enabled":true,"_links":{"self":[{"href":"https:\/\/www.mavieillepeau.com\/index.php\/wp-json\/wp\/v2\/product\/619","targetHints":{"allow":["GET"]}}],"collection":[{"href":"https:\/\/www.mavieillepeau.com\/index.php\/wp-json\/wp\/v2\/product"}],"about":[{"href":"https:\/\/www.mavieillepeau.com\/index.php\/wp-json\/wp\/v2\/types\/product"}],"replies":[{"embeddable":true,"href":"https:\/\/www.mavieillepeau.com\/index.php\/wp-json\/wp\/v2\/comments?post=619"}],"wp:featuredmedia":[{"embeddable":true,"href":"https:\/\/www.mavieillepeau.com\/index.php\/wp-json\/wp\/v2\/media\/533"}],"wp:attachment":[{"href":"https:\/\/www.mavieillepeau.com\/index.php\/wp-json\/wp\/v2\/media?parent=619"}],"wp:term":[{"taxonomy":"product_brand","embeddable":true,"href":"https:\/\/www.mavieillepeau.com\/index.php\/wp-json\/wp\/v2\/product_brand?post=619"},{"taxonomy":"product_cat","embeddable":true,"href":"https:\/\/www.mavieillepeau.com\/index.php\/wp-json\/wp\/v2\/product_cat?post=619"},{"taxonomy":"product_tag","embeddable":true,"href":"https:\/\/www.mavieillepeau.com\/index.php\/wp-json\/wp\/v2\/product_tag?post=619"}],"curies":[{"name":"wp","href":"https:\/\/api.w.org\/{rel}","templated":true}]}}