{"id":694,"date":"2024-02-19T15:24:05","date_gmt":"2024-02-19T14:24:05","guid":{"rendered":"https:\/\/www.mavieillepeau.com\/?page_id=694"},"modified":"2025-07-21T11:45:12","modified_gmt":"2025-07-21T09:45:12","slug":"realisations","status":"publish","type":"page","link":"https:\/\/www.mavieillepeau.com\/index.php\/realisations\/","title":{"rendered":"R\u00e9alisations"},"content":{"rendered":"\n<p>Vous trouverez ici des produits r\u00e9alis\u00e9s sur mesures en dehors de mes produits habituels.<\/p>\n\n\n\n<figure class=\"wp-block-gallery has-nested-images columns-default is-cropped wp-block-gallery-1 is-layout-flex wp-block-gallery-is-layout-flex\">\n<figure class=\"wp-block-image size-large\"><img loading=\"lazy\" decoding=\"async\" width=\"723\" height=\"963\" data-id=\"800\" src=\"https:\/\/www.mavieillepeau.com\/wp-content\/uploads\/2025\/07\/dague-2-edited.jpg\" alt=\"\" class=\"wp-image-800\" srcset=\"https:\/\/www.mavieillepeau.com\/wp-content\/uploads\/2025\/07\/dague-2-edited.jpg 723w, https:\/\/www.mavieillepeau.com\/wp-content\/uploads\/2025\/07\/dague-2-edited-225x300.jpg 225w, https:\/\/www.mavieillepeau.com\/wp-content\/uploads\/2025\/07\/dague-2-edited-530x706.jpg 530w\" sizes=\"auto, (max-width: 723px) 100vw, 723px\" \/><figcaption class=\"wp-element-caption\">\u00c9tui dague de chasse sur-mesure<\/figcaption><\/figure>\n\n\n\n<figure class=\"wp-block-image size-large\"><img loading=\"lazy\" decoding=\"async\" width=\"722\" height=\"962\" data-id=\"801\" src=\"https:\/\/www.mavieillepeau.com\/wp-content\/uploads\/2025\/07\/dague-edited.jpg\" alt=\"\" class=\"wp-image-801\" srcset=\"https:\/\/www.mavieillepeau.com\/wp-content\/uploads\/2025\/07\/dague-edited.jpg 722w, https:\/\/www.mavieillepeau.com\/wp-content\/uploads\/2025\/07\/dague-edited-225x300.jpg 225w, https:\/\/www.mavieillepeau.com\/wp-content\/uploads\/2025\/07\/dague-edited-530x706.jpg 530w\" sizes=\"auto, (max-width: 722px) 100vw, 722px\" \/><figcaption class=\"wp-element-caption\">\u00c9tui dague de chasse sur-mesure<\/figcaption><\/figure>\n<\/figure>\n\n\n\n<figure class=\"wp-block-gallery has-nested-images columns-default is-cropped wp-block-gallery-2 is-layout-flex wp-block-gallery-is-layout-flex\">\n<figure class=\"wp-block-image size-large\"><img loading=\"lazy\" decoding=\"async\" width=\"1024\" height=\"768\" data-id=\"794\" src=\"https:\/\/www.mavieillepeau.com\/wp-content\/uploads\/2025\/07\/PB151484-1-1024x768.jpg\" alt=\"\" class=\"wp-image-794\" srcset=\"https:\/\/www.mavieillepeau.com\/wp-content\/uploads\/2025\/07\/PB151484-1-1024x768.jpg 1024w, https:\/\/www.mavieillepeau.com\/wp-content\/uploads\/2025\/07\/PB151484-1-300x225.jpg 300w, https:\/\/www.mavieillepeau.com\/wp-content\/uploads\/2025\/07\/PB151484-1-768x576.jpg 768w, https:\/\/www.mavieillepeau.com\/wp-content\/uploads\/2025\/07\/PB151484-1-1536x1152.jpg 1536w, https:\/\/www.mavieillepeau.com\/wp-content\/uploads\/2025\/07\/PB151484-1-2048x1536.jpg 2048w, https:\/\/www.mavieillepeau.com\/wp-content\/uploads\/2025\/07\/PB151484-1-530x398.jpg 530w\" sizes=\"auto, (max-width: 1024px) 100vw, 1024px\" \/><figcaption class=\"wp-element-caption\">Porte carte sur mesure<\/figcaption><\/figure>\n\n\n\n<figure class=\"wp-block-image size-large\"><img loading=\"lazy\" decoding=\"async\" width=\"1024\" height=\"768\" data-id=\"795\" src=\"https:\/\/www.mavieillepeau.com\/wp-content\/uploads\/2025\/07\/PB151488-1024x768.jpg\" alt=\"\" class=\"wp-image-795\" srcset=\"https:\/\/www.mavieillepeau.com\/wp-content\/uploads\/2025\/07\/PB151488-1024x768.jpg 1024w, https:\/\/www.mavieillepeau.com\/wp-content\/uploads\/2025\/07\/PB151488-300x225.jpg 300w, https:\/\/www.mavieillepeau.com\/wp-content\/uploads\/2025\/07\/PB151488-768x576.jpg 768w, https:\/\/www.mavieillepeau.com\/wp-content\/uploads\/2025\/07\/PB151488-1536x1152.jpg 1536w, https:\/\/www.mavieillepeau.com\/wp-content\/uploads\/2025\/07\/PB151488-2048x1536.jpg 2048w, https:\/\/www.mavieillepeau.com\/wp-content\/uploads\/2025\/07\/PB151488-530x398.jpg 530w\" sizes=\"auto, (max-width: 1024px) 100vw, 1024px\" \/><figcaption class=\"wp-element-caption\">Porte carte sur mesure<\/figcaption><\/figure>\n\n\n\n<figure class=\"wp-block-image size-large\"><img loading=\"lazy\" decoding=\"async\" width=\"1024\" height=\"768\" data-id=\"793\" src=\"https:\/\/www.mavieillepeau.com\/wp-content\/uploads\/2025\/07\/PB151490-1024x768.jpg\" alt=\"\" class=\"wp-image-793\" srcset=\"https:\/\/www.mavieillepeau.com\/wp-content\/uploads\/2025\/07\/PB151490-1024x768.jpg 1024w, https:\/\/www.mavieillepeau.com\/wp-content\/uploads\/2025\/07\/PB151490-300x225.jpg 300w, https:\/\/www.mavieillepeau.com\/wp-content\/uploads\/2025\/07\/PB151490-768x576.jpg 768w, https:\/\/www.mavieillepeau.com\/wp-content\/uploads\/2025\/07\/PB151490-1536x1152.jpg 1536w, https:\/\/www.mavieillepeau.com\/wp-content\/uploads\/2025\/07\/PB151490-2048x1536.jpg 2048w, https:\/\/www.mavieillepeau.com\/wp-content\/uploads\/2025\/07\/PB151490-530x398.jpg 530w\" sizes=\"auto, (max-width: 1024px) 100vw, 1024px\" \/><figcaption class=\"wp-element-caption\">Porte carte sur mesure<\/figcaption><\/figure>\n<\/figure>\n\n\n\n<figure class=\"wp-block-gallery has-nested-images columns-default is-cropped wp-block-gallery-3 is-layout-flex wp-block-gallery-is-layout-flex\">\n<figure class=\"wp-block-image size-large\"><img loading=\"lazy\" decoding=\"async\" width=\"768\" height=\"1024\" data-id=\"787\" src=\"https:\/\/www.mavieillepeau.com\/wp-content\/uploads\/2025\/07\/P6011492-1-768x1024.jpg\" alt=\"\" class=\"wp-image-787\" srcset=\"https:\/\/www.mavieillepeau.com\/wp-content\/uploads\/2025\/07\/P6011492-1-768x1024.jpg 768w, https:\/\/www.mavieillepeau.com\/wp-content\/uploads\/2025\/07\/P6011492-1-225x300.jpg 225w, https:\/\/www.mavieillepeau.com\/wp-content\/uploads\/2025\/07\/P6011492-1-1152x1536.jpg 1152w, https:\/\/www.mavieillepeau.com\/wp-content\/uploads\/2025\/07\/P6011492-1-1536x2048.jpg 1536w, https:\/\/www.mavieillepeau.com\/wp-content\/uploads\/2025\/07\/P6011492-1-530x707.jpg 530w, https:\/\/www.mavieillepeau.com\/wp-content\/uploads\/2025\/07\/P6011492-1-scaled.jpg 1920w\" sizes=\"auto, (max-width: 768px) 100vw, 768px\" \/><figcaption class=\"wp-element-caption\">porte monnaie sur-mesure cuir d&rsquo;Autruche<\/figcaption><\/figure>\n\n\n\n<figure class=\"wp-block-image size-large\"><img loading=\"lazy\" decoding=\"async\" width=\"768\" height=\"1024\" data-id=\"788\" src=\"https:\/\/www.mavieillepeau.com\/wp-content\/uploads\/2025\/07\/P6011497-1-768x1024.jpg\" alt=\"\" class=\"wp-image-788\" srcset=\"https:\/\/www.mavieillepeau.com\/wp-content\/uploads\/2025\/07\/P6011497-1-768x1024.jpg 768w, https:\/\/www.mavieillepeau.com\/wp-content\/uploads\/2025\/07\/P6011497-1-225x300.jpg 225w, https:\/\/www.mavieillepeau.com\/wp-content\/uploads\/2025\/07\/P6011497-1-1152x1536.jpg 1152w, https:\/\/www.mavieillepeau.com\/wp-content\/uploads\/2025\/07\/P6011497-1-1536x2048.jpg 1536w, https:\/\/www.mavieillepeau.com\/wp-content\/uploads\/2025\/07\/P6011497-1-530x707.jpg 530w, https:\/\/www.mavieillepeau.com\/wp-content\/uploads\/2025\/07\/P6011497-1-scaled.jpg 1920w\" sizes=\"auto, (max-width: 768px) 100vw, 768px\" \/><figcaption class=\"wp-element-caption\">porte monnaie sur-mesure cuir d&rsquo;Autruche<\/figcaption><\/figure>\n<\/figure>\n\n\n\n<figure class=\"wp-block-gallery has-nested-images columns-default is-cropped wp-block-gallery-4 is-layout-flex wp-block-gallery-is-layout-flex\">\n<figure class=\"wp-block-image size-large\"><img loading=\"lazy\" decoding=\"async\" width=\"576\" height=\"1024\" data-id=\"739\" src=\"https:\/\/www.mavieillepeau.com\/wp-content\/uploads\/2024\/08\/20231204_133116-1-576x1024.jpg\" alt=\"\" class=\"wp-image-739\" srcset=\"https:\/\/www.mavieillepeau.com\/wp-content\/uploads\/2024\/08\/20231204_133116-1-576x1024.jpg 576w, https:\/\/www.mavieillepeau.com\/wp-content\/uploads\/2024\/08\/20231204_133116-1-169x300.jpg 169w, https:\/\/www.mavieillepeau.com\/wp-content\/uploads\/2024\/08\/20231204_133116-1-768x1365.jpg 768w, https:\/\/www.mavieillepeau.com\/wp-content\/uploads\/2024\/08\/20231204_133116-1-864x1536.jpg 864w, https:\/\/www.mavieillepeau.com\/wp-content\/uploads\/2024\/08\/20231204_133116-1-1152x2048.jpg 1152w, https:\/\/www.mavieillepeau.com\/wp-content\/uploads\/2024\/08\/20231204_133116-1-530x942.jpg 530w, https:\/\/www.mavieillepeau.com\/wp-content\/uploads\/2024\/08\/20231204_133116-1-scaled.jpg 1440w\" sizes=\"auto, (max-width: 576px) 100vw, 576px\" \/><\/figure>\n\n\n\n<figure class=\"wp-block-image size-large\"><img loading=\"lazy\" decoding=\"async\" width=\"576\" height=\"1024\" data-id=\"741\" src=\"https:\/\/www.mavieillepeau.com\/wp-content\/uploads\/2024\/08\/20231204_142633-1-576x1024.jpg\" alt=\"\" class=\"wp-image-741\" srcset=\"https:\/\/www.mavieillepeau.com\/wp-content\/uploads\/2024\/08\/20231204_142633-1-576x1024.jpg 576w, https:\/\/www.mavieillepeau.com\/wp-content\/uploads\/2024\/08\/20231204_142633-1-169x300.jpg 169w, https:\/\/www.mavieillepeau.com\/wp-content\/uploads\/2024\/08\/20231204_142633-1-768x1365.jpg 768w, https:\/\/www.mavieillepeau.com\/wp-content\/uploads\/2024\/08\/20231204_142633-1-864x1536.jpg 864w, https:\/\/www.mavieillepeau.com\/wp-content\/uploads\/2024\/08\/20231204_142633-1-1152x2048.jpg 1152w, https:\/\/www.mavieillepeau.com\/wp-content\/uploads\/2024\/08\/20231204_142633-1-530x942.jpg 530w, https:\/\/www.mavieillepeau.com\/wp-content\/uploads\/2024\/08\/20231204_142633-1-scaled.jpg 1440w\" sizes=\"auto, (max-width: 576px) 100vw, 576px\" \/><\/figure>\n\n\n\n<figure class=\"wp-block-image size-large\"><img loading=\"lazy\" decoding=\"async\" width=\"576\" height=\"1024\" data-id=\"742\" src=\"https:\/\/www.mavieillepeau.com\/wp-content\/uploads\/2024\/08\/20231204_133128-2-576x1024.jpg\" alt=\"\" class=\"wp-image-742\" srcset=\"https:\/\/www.mavieillepeau.com\/wp-content\/uploads\/2024\/08\/20231204_133128-2-576x1024.jpg 576w, https:\/\/www.mavieillepeau.com\/wp-content\/uploads\/2024\/08\/20231204_133128-2-169x300.jpg 169w, https:\/\/www.mavieillepeau.com\/wp-content\/uploads\/2024\/08\/20231204_133128-2-768x1365.jpg 768w, https:\/\/www.mavieillepeau.com\/wp-content\/uploads\/2024\/08\/20231204_133128-2-864x1536.jpg 864w, https:\/\/www.mavieillepeau.com\/wp-content\/uploads\/2024\/08\/20231204_133128-2-1152x2048.jpg 1152w, https:\/\/www.mavieillepeau.com\/wp-content\/uploads\/2024\/08\/20231204_133128-2-530x942.jpg 530w, https:\/\/www.mavieillepeau.com\/wp-content\/uploads\/2024\/08\/20231204_133128-2-scaled.jpg 1440w\" sizes=\"auto, (max-width: 576px) 100vw, 576px\" \/><\/figure>\n\n\n\n<figure class=\"wp-block-image size-large\"><img loading=\"lazy\" decoding=\"async\" width=\"1024\" height=\"971\" data-id=\"747\" src=\"https:\/\/www.mavieillepeau.com\/wp-content\/uploads\/2024\/08\/20231204_142646mod-1024x971.jpg\" alt=\"\" class=\"wp-image-747\" srcset=\"https:\/\/www.mavieillepeau.com\/wp-content\/uploads\/2024\/08\/20231204_142646mod-1024x971.jpg 1024w, https:\/\/www.mavieillepeau.com\/wp-content\/uploads\/2024\/08\/20231204_142646mod-300x284.jpg 300w, https:\/\/www.mavieillepeau.com\/wp-content\/uploads\/2024\/08\/20231204_142646mod-768x728.jpg 768w, https:\/\/www.mavieillepeau.com\/wp-content\/uploads\/2024\/08\/20231204_142646mod-1536x1456.jpg 1536w, https:\/\/www.mavieillepeau.com\/wp-content\/uploads\/2024\/08\/20231204_142646mod-2048x1941.jpg 2048w, https:\/\/www.mavieillepeau.com\/wp-content\/uploads\/2024\/08\/20231204_142646mod-530x502.jpg 530w\" sizes=\"auto, (max-width: 1024px) 100vw, 1024px\" \/><\/figure>\n<\/figure>\n\n\n\n<figure class=\"wp-block-gallery has-nested-images columns-default is-cropped wp-block-gallery-5 is-layout-flex wp-block-gallery-is-layout-flex\">\n<figure class=\"wp-block-image size-large\"><img loading=\"lazy\" decoding=\"async\" width=\"768\" height=\"1024\" data-id=\"709\" src=\"https:\/\/www.mavieillepeau.com\/wp-content\/uploads\/2024\/02\/06012024-P1060618-1-768x1024.jpg\" alt=\"\" class=\"wp-image-709\" srcset=\"https:\/\/www.mavieillepeau.com\/wp-content\/uploads\/2024\/02\/06012024-P1060618-1-768x1024.jpg 768w, https:\/\/www.mavieillepeau.com\/wp-content\/uploads\/2024\/02\/06012024-P1060618-1-225x300.jpg 225w, https:\/\/www.mavieillepeau.com\/wp-content\/uploads\/2024\/02\/06012024-P1060618-1-1152x1536.jpg 1152w, https:\/\/www.mavieillepeau.com\/wp-content\/uploads\/2024\/02\/06012024-P1060618-1-1536x2048.jpg 1536w, https:\/\/www.mavieillepeau.com\/wp-content\/uploads\/2024\/02\/06012024-P1060618-1-530x707.jpg 530w, https:\/\/www.mavieillepeau.com\/wp-content\/uploads\/2024\/02\/06012024-P1060618-1-scaled.jpg 1920w\" sizes=\"auto, (max-width: 768px) 100vw, 768px\" \/><figcaption class=\"wp-element-caption\">porte clef motos noir<\/figcaption><\/figure>\n\n\n\n<figure class=\"wp-block-image size-large\"><img decoding=\"async\" data-id=\"705\" src=\"https:\/\/www.mavieillepeau.com\/wp-content\/uploads\/2024\/02\/06012024-P1060620.jpg\" alt=\"\" class=\"wp-image-705\"\/><figcaption class=\"wp-element-caption\">porte clef fleur de lys marron clair<\/figcaption><\/figure>\n\n\n\n<figure class=\"wp-block-image size-large\"><img decoding=\"async\" data-id=\"704\" src=\"https:\/\/www.mavieillepeau.com\/wp-content\/uploads\/2024\/02\/06012024-P1060616.jpg\" alt=\"\" class=\"wp-image-704\"\/><figcaption class=\"wp-element-caption\">porte clef fleur de lys noir<\/figcaption><\/figure>\n<\/figure>\n\n\n\n<figure class=\"wp-block-gallery has-nested-images columns-default is-cropped wp-block-gallery-6 is-layout-flex wp-block-gallery-is-layout-flex\">\n<figure class=\"wp-block-image size-large\"><img loading=\"lazy\" decoding=\"async\" width=\"1024\" height=\"768\" data-id=\"717\" src=\"https:\/\/www.mavieillepeau.com\/wp-content\/uploads\/2024\/02\/15022024-P2150658-1024x768.jpg\" alt=\"\" class=\"wp-image-717\" srcset=\"https:\/\/www.mavieillepeau.com\/wp-content\/uploads\/2024\/02\/15022024-P2150658-1024x768.jpg 1024w, https:\/\/www.mavieillepeau.com\/wp-content\/uploads\/2024\/02\/15022024-P2150658-300x225.jpg 300w, https:\/\/www.mavieillepeau.com\/wp-content\/uploads\/2024\/02\/15022024-P2150658-768x576.jpg 768w, https:\/\/www.mavieillepeau.com\/wp-content\/uploads\/2024\/02\/15022024-P2150658-1536x1152.jpg 1536w, https:\/\/www.mavieillepeau.com\/wp-content\/uploads\/2024\/02\/15022024-P2150658-2048x1536.jpg 2048w, https:\/\/www.mavieillepeau.com\/wp-content\/uploads\/2024\/02\/15022024-P2150658-530x398.jpg 530w\" sizes=\"auto, (max-width: 1024px) 100vw, 1024px\" \/><figcaption class=\"wp-element-caption\">chaussure b\u00e9b\u00e9 sur mesure cr\u00e8me et marron clair arri\u00e8re<\/figcaption><\/figure>\n\n\n\n<figure class=\"wp-block-image size-large\"><img loading=\"lazy\" decoding=\"async\" width=\"1024\" height=\"768\" data-id=\"718\" src=\"https:\/\/www.mavieillepeau.com\/wp-content\/uploads\/2024\/02\/15022024-P2150660-1024x768.jpg\" alt=\"\" class=\"wp-image-718\" srcset=\"https:\/\/www.mavieillepeau.com\/wp-content\/uploads\/2024\/02\/15022024-P2150660-1024x768.jpg 1024w, https:\/\/www.mavieillepeau.com\/wp-content\/uploads\/2024\/02\/15022024-P2150660-300x225.jpg 300w, https:\/\/www.mavieillepeau.com\/wp-content\/uploads\/2024\/02\/15022024-P2150660-768x576.jpg 768w, https:\/\/www.mavieillepeau.com\/wp-content\/uploads\/2024\/02\/15022024-P2150660-1536x1152.jpg 1536w, https:\/\/www.mavieillepeau.com\/wp-content\/uploads\/2024\/02\/15022024-P2150660-2048x1536.jpg 2048w, https:\/\/www.mavieillepeau.com\/wp-content\/uploads\/2024\/02\/15022024-P2150660-530x398.jpg 530w\" sizes=\"auto, (max-width: 1024px) 100vw, 1024px\" \/><figcaption class=\"wp-element-caption\">chaussure b\u00e9b\u00e9 sur mesure cr\u00e8me et marron clair avant \/ arri\u00e8re<\/figcaption><\/figure>\n<\/figure>\n\n\n\n<figure class=\"wp-block-gallery has-nested-images columns-default is-cropped wp-block-gallery-7 is-layout-flex wp-block-gallery-is-layout-flex\">\n<figure class=\"wp-block-image size-large\"><img loading=\"lazy\" decoding=\"async\" width=\"1024\" height=\"768\" data-id=\"722\" src=\"https:\/\/www.mavieillepeau.com\/wp-content\/uploads\/2024\/02\/29102023-PA290491-1024x768.jpg\" alt=\"\" class=\"wp-image-722\" srcset=\"https:\/\/www.mavieillepeau.com\/wp-content\/uploads\/2024\/02\/29102023-PA290491-1024x768.jpg 1024w, https:\/\/www.mavieillepeau.com\/wp-content\/uploads\/2024\/02\/29102023-PA290491-300x225.jpg 300w, https:\/\/www.mavieillepeau.com\/wp-content\/uploads\/2024\/02\/29102023-PA290491-768x576.jpg 768w, https:\/\/www.mavieillepeau.com\/wp-content\/uploads\/2024\/02\/29102023-PA290491-1536x1152.jpg 1536w, https:\/\/www.mavieillepeau.com\/wp-content\/uploads\/2024\/02\/29102023-PA290491-2048x1536.jpg 2048w, https:\/\/www.mavieillepeau.com\/wp-content\/uploads\/2024\/02\/29102023-PA290491-530x398.jpg 530w\" sizes=\"auto, (max-width: 1024px) 100vw, 1024px\" \/><figcaption class=\"wp-element-caption\">Trousse boule de p\u00e9tanque sur mesure<\/figcaption><\/figure>\n<\/figure>\n\n\n\n<figure class=\"wp-block-gallery has-nested-images columns-default is-cropped wp-block-gallery-8 is-layout-flex wp-block-gallery-is-layout-flex\">\n<figure class=\"wp-block-image size-large\"><img loading=\"lazy\" decoding=\"async\" width=\"1024\" height=\"768\" data-id=\"716\" src=\"https:\/\/www.mavieillepeau.com\/wp-content\/uploads\/2024\/02\/09022024-P2090643-1024x768.jpg\" alt=\"\" class=\"wp-image-716\" srcset=\"https:\/\/www.mavieillepeau.com\/wp-content\/uploads\/2024\/02\/09022024-P2090643-1024x768.jpg 1024w, https:\/\/www.mavieillepeau.com\/wp-content\/uploads\/2024\/02\/09022024-P2090643-300x225.jpg 300w, https:\/\/www.mavieillepeau.com\/wp-content\/uploads\/2024\/02\/09022024-P2090643-768x576.jpg 768w, https:\/\/www.mavieillepeau.com\/wp-content\/uploads\/2024\/02\/09022024-P2090643-1536x1152.jpg 1536w, https:\/\/www.mavieillepeau.com\/wp-content\/uploads\/2024\/02\/09022024-P2090643-2048x1536.jpg 2048w, https:\/\/www.mavieillepeau.com\/wp-content\/uploads\/2024\/02\/09022024-P2090643-530x398.jpg 530w\" sizes=\"auto, (max-width: 1024px) 100vw, 1024px\" \/><figcaption class=\"wp-element-caption\">porte feuille sur mesure cognac fermeture \u00e9clair arri\u00e8re<\/figcaption><\/figure>\n\n\n\n<figure class=\"wp-block-image size-large\"><img loading=\"lazy\" decoding=\"async\" width=\"1024\" height=\"768\" data-id=\"714\" src=\"https:\/\/www.mavieillepeau.com\/wp-content\/uploads\/2024\/02\/09022024-P2090641-1024x768.jpg\" alt=\"\" class=\"wp-image-714\" srcset=\"https:\/\/www.mavieillepeau.com\/wp-content\/uploads\/2024\/02\/09022024-P2090641-1024x768.jpg 1024w, https:\/\/www.mavieillepeau.com\/wp-content\/uploads\/2024\/02\/09022024-P2090641-300x225.jpg 300w, https:\/\/www.mavieillepeau.com\/wp-content\/uploads\/2024\/02\/09022024-P2090641-768x576.jpg 768w, https:\/\/www.mavieillepeau.com\/wp-content\/uploads\/2024\/02\/09022024-P2090641-1536x1152.jpg 1536w, https:\/\/www.mavieillepeau.com\/wp-content\/uploads\/2024\/02\/09022024-P2090641-2048x1536.jpg 2048w, https:\/\/www.mavieillepeau.com\/wp-content\/uploads\/2024\/02\/09022024-P2090641-530x398.jpg 530w\" sizes=\"auto, (max-width: 1024px) 100vw, 1024px\" \/><figcaption class=\"wp-element-caption\">porte feuille sur mesure cognac fermeture \u00e9clair ouvert<\/figcaption><\/figure>\n\n\n\n<figure class=\"wp-block-image size-large\"><img loading=\"lazy\" decoding=\"async\" width=\"1024\" height=\"768\" data-id=\"715\" src=\"https:\/\/www.mavieillepeau.com\/wp-content\/uploads\/2024\/02\/09022024-P2090642-1024x768.jpg\" alt=\"\" class=\"wp-image-715\" srcset=\"https:\/\/www.mavieillepeau.com\/wp-content\/uploads\/2024\/02\/09022024-P2090642-1024x768.jpg 1024w, https:\/\/www.mavieillepeau.com\/wp-content\/uploads\/2024\/02\/09022024-P2090642-300x225.jpg 300w, https:\/\/www.mavieillepeau.com\/wp-content\/uploads\/2024\/02\/09022024-P2090642-768x576.jpg 768w, https:\/\/www.mavieillepeau.com\/wp-content\/uploads\/2024\/02\/09022024-P2090642-1536x1152.jpg 1536w, https:\/\/www.mavieillepeau.com\/wp-content\/uploads\/2024\/02\/09022024-P2090642-2048x1536.jpg 2048w, https:\/\/www.mavieillepeau.com\/wp-content\/uploads\/2024\/02\/09022024-P2090642-530x398.jpg 530w\" sizes=\"auto, (max-width: 1024px) 100vw, 1024px\" \/><figcaption class=\"wp-element-caption\">porte feuille sur mesure cognac fermeture \u00e9clair d\u00e9tail<\/figcaption><\/figure>\n\n\n\n<figure class=\"wp-block-image size-large\"><img loading=\"lazy\" decoding=\"async\" width=\"1024\" height=\"768\" data-id=\"713\" src=\"https:\/\/www.mavieillepeau.com\/wp-content\/uploads\/2024\/02\/09022024-P2090633-1024x768.jpg\" alt=\"\" class=\"wp-image-713\" srcset=\"https:\/\/www.mavieillepeau.com\/wp-content\/uploads\/2024\/02\/09022024-P2090633-1024x768.jpg 1024w, https:\/\/www.mavieillepeau.com\/wp-content\/uploads\/2024\/02\/09022024-P2090633-300x225.jpg 300w, https:\/\/www.mavieillepeau.com\/wp-content\/uploads\/2024\/02\/09022024-P2090633-768x576.jpg 768w, https:\/\/www.mavieillepeau.com\/wp-content\/uploads\/2024\/02\/09022024-P2090633-1536x1152.jpg 1536w, https:\/\/www.mavieillepeau.com\/wp-content\/uploads\/2024\/02\/09022024-P2090633-2048x1536.jpg 2048w, https:\/\/www.mavieillepeau.com\/wp-content\/uploads\/2024\/02\/09022024-P2090633-530x398.jpg 530w\" sizes=\"auto, (max-width: 1024px) 100vw, 1024px\" \/><figcaption class=\"wp-element-caption\">porte feuille sur mesure cognac fermeture \u00e9clair ferm\u00e9<\/figcaption><\/figure>\n<\/figure>\n\n\n\n<figure class=\"wp-block-gallery has-nested-images columns-default is-cropped wp-block-gallery-9 is-layout-flex wp-block-gallery-is-layout-flex\">\n<figure class=\"wp-block-image size-large\"><img loading=\"lazy\" decoding=\"async\" width=\"768\" height=\"1024\" data-id=\"712\" src=\"https:\/\/www.mavieillepeau.com\/wp-content\/uploads\/2024\/02\/07112022-PB070143-768x1024.jpg\" alt=\"\" class=\"wp-image-712\" srcset=\"https:\/\/www.mavieillepeau.com\/wp-content\/uploads\/2024\/02\/07112022-PB070143-768x1024.jpg 768w, https:\/\/www.mavieillepeau.com\/wp-content\/uploads\/2024\/02\/07112022-PB070143-225x300.jpg 225w, https:\/\/www.mavieillepeau.com\/wp-content\/uploads\/2024\/02\/07112022-PB070143-1152x1536.jpg 1152w, https:\/\/www.mavieillepeau.com\/wp-content\/uploads\/2024\/02\/07112022-PB070143-1536x2048.jpg 1536w, https:\/\/www.mavieillepeau.com\/wp-content\/uploads\/2024\/02\/07112022-PB070143-530x707.jpg 530w, https:\/\/www.mavieillepeau.com\/wp-content\/uploads\/2024\/02\/07112022-PB070143-scaled.jpg 1920w\" sizes=\"auto, (max-width: 768px) 100vw, 768px\" \/><figcaption class=\"wp-element-caption\">porte carte marron clair sur mesure ouvert<\/figcaption><\/figure>\n\n\n\n<figure class=\"wp-block-image size-large\"><img loading=\"lazy\" decoding=\"async\" width=\"768\" height=\"1024\" data-id=\"711\" src=\"https:\/\/www.mavieillepeau.com\/wp-content\/uploads\/2024\/02\/07112022-PB070142-768x1024.jpg\" alt=\"\" class=\"wp-image-711\" srcset=\"https:\/\/www.mavieillepeau.com\/wp-content\/uploads\/2024\/02\/07112022-PB070142-768x1024.jpg 768w, https:\/\/www.mavieillepeau.com\/wp-content\/uploads\/2024\/02\/07112022-PB070142-225x300.jpg 225w, https:\/\/www.mavieillepeau.com\/wp-content\/uploads\/2024\/02\/07112022-PB070142-1152x1536.jpg 1152w, https:\/\/www.mavieillepeau.com\/wp-content\/uploads\/2024\/02\/07112022-PB070142-1536x2048.jpg 1536w, https:\/\/www.mavieillepeau.com\/wp-content\/uploads\/2024\/02\/07112022-PB070142-530x707.jpg 530w, https:\/\/www.mavieillepeau.com\/wp-content\/uploads\/2024\/02\/07112022-PB070142-scaled.jpg 1920w\" sizes=\"auto, (max-width: 768px) 100vw, 768px\" \/><figcaption class=\"wp-element-caption\">porte carte marron clair sur mesure ferm\u00e9<\/figcaption><\/figure>\n<\/figure>\n\n\n\n<figure class=\"wp-block-gallery has-nested-images columns-default is-cropped wp-block-gallery-10 is-layout-flex wp-block-gallery-is-layout-flex\">\n<figure class=\"wp-block-image size-large\"><img decoding=\"async\" data-id=\"706\" src=\"https:\/\/www.mavieillepeau.com\/wp-content\/uploads\/2024\/02\/30112023-PB300542.jpg\" alt=\"\" class=\"wp-image-706\"\/><figcaption class=\"wp-element-caption\">porte carte grise personnalis\u00e9<\/figcaption><\/figure>\n<\/figure>\n\n\n\n<figure class=\"wp-block-gallery has-nested-images columns-default is-cropped wp-block-gallery-11 is-layout-flex wp-block-gallery-is-layout-flex\">\n<figure class=\"wp-block-image size-large\"><img decoding=\"async\" data-id=\"707\" src=\"https:\/\/www.mavieillepeau.com\/wp-content\/uploads\/2024\/02\/30112023-PB300548.jpg\" alt=\"\" class=\"wp-image-707\"\/><figcaption class=\"wp-element-caption\">ceinture Jeannette marron clair gravure laser<\/figcaption><\/figure>\n\n\n\n<figure class=\"wp-block-image size-large\"><img loading=\"lazy\" decoding=\"async\" width=\"1024\" height=\"768\" data-id=\"721\" src=\"https:\/\/www.mavieillepeau.com\/wp-content\/uploads\/2024\/02\/28112023-PB280540-1024x768.jpg\" alt=\"\" class=\"wp-image-721\" srcset=\"https:\/\/www.mavieillepeau.com\/wp-content\/uploads\/2024\/02\/28112023-PB280540-1024x768.jpg 1024w, https:\/\/www.mavieillepeau.com\/wp-content\/uploads\/2024\/02\/28112023-PB280540-300x225.jpg 300w, https:\/\/www.mavieillepeau.com\/wp-content\/uploads\/2024\/02\/28112023-PB280540-768x576.jpg 768w, https:\/\/www.mavieillepeau.com\/wp-content\/uploads\/2024\/02\/28112023-PB280540-1536x1152.jpg 1536w, https:\/\/www.mavieillepeau.com\/wp-content\/uploads\/2024\/02\/28112023-PB280540-2048x1536.jpg 2048w, https:\/\/www.mavieillepeau.com\/wp-content\/uploads\/2024\/02\/28112023-PB280540-530x398.jpg 530w\" sizes=\"auto, (max-width: 1024px) 100vw, 1024px\" \/><figcaption class=\"wp-element-caption\">porte carte Le paul grav\u00e9 laser<\/figcaption><\/figure>\n<\/figure>\n\n\n\n<p><\/p>\n","protected":false},"excerpt":{"rendered":"<p>Vous trouverez ici des produits r\u00e9alis\u00e9s sur mesures en dehors de mes produits habituels.<\/p>\n","protected":false},"author":1,"featured_media":0,"parent":0,"menu_order":0,"comment_status":"open","ping_status":"closed","template":"","meta":{"footnotes":""},"class_list":["post-694","page","type-page","status-publish","hentry"],"jetpack_sharing_enabled":true,"_links":{"self":[{"href":"https:\/\/www.mavieillepeau.com\/index.php\/wp-json\/wp\/v2\/pages\/694","targetHints":{"allow":["GET"]}}],"collection":[{"href":"https:\/\/www.mavieillepeau.com\/index.php\/wp-json\/wp\/v2\/pages"}],"about":[{"href":"https:\/\/www.mavieillepeau.com\/index.php\/wp-json\/wp\/v2\/types\/page"}],"author":[{"embeddable":true,"href":"https:\/\/www.mavieillepeau.com\/index.php\/wp-json\/wp\/v2\/users\/1"}],"replies":[{"embeddable":true,"href":"https:\/\/www.mavieillepeau.com\/index.php\/wp-json\/wp\/v2\/comments?post=694"}],"version-history":[{"count":10,"href":"https:\/\/www.mavieillepeau.com\/index.php\/wp-json\/wp\/v2\/pages\/694\/revisions"}],"predecessor-version":[{"id":802,"href":"https:\/\/www.mavieillepeau.com\/index.php\/wp-json\/wp\/v2\/pages\/694\/revisions\/802"}],"wp:attachment":[{"href":"https:\/\/www.mavieillepeau.com\/index.php\/wp-json\/wp\/v2\/media?parent=694"}],"curies":[{"name":"wp","href":"https:\/\/api.w.org\/{rel}","templated":true}]}}