{"id":11,"date":"2023-01-26T14:19:32","date_gmt":"2023-01-26T13:19:32","guid":{"rendered":"https:\/\/www.mavieillepeau.com\/?page_id=11"},"modified":"2023-04-03T14:40:07","modified_gmt":"2023-04-03T12:40:07","slug":"remboursements_retours","status":"publish","type":"page","link":"https:\/\/www.mavieillepeau.com\/index.php\/remboursements_retours\/","title":{"rendered":"Conditions g\u00e9n\u00e9rales de vente CGV"},"content":{"rendered":"\n<p>Conditions g\u00e9n\u00e9rales de vente applicables sur le site<\/p>\n\n\n\n<ol class=\"wp-block-list\">\n<li>Objet<\/li>\n<\/ol>\n\n\n\n<p>Le site www.mavieillepeau.com est une plateforme de commerce \u00e9lectronique qui permet aux acheteurs en ligne d&rsquo;acqu\u00e9rir diff\u00e9rents produits de maroquineries disponibles \u00e0 la vente sur la plateforme. Ce site commercialise ses produits \u00e0 travers des ventes uniques, appel\u00e9es \u00ab\u00a0Commandes\u00a0\u00bb.<\/p>\n\n\n\n<p>Les pr\u00e9sentes conditions g\u00e9n\u00e9rales de vente s&rsquo;appliquent \u00e0 toutes les ventes en ligne effectu\u00e9es sur le Site par la soci\u00e9t\u00e9 mavieillepeau.<\/p>\n\n\n\n<p>Les conditions g\u00e9n\u00e9rales d\u00e9finissent les modalit\u00e9s de vente en ligne, les conditions de livraison des produits, ainsi que les droits et obligations des parties impliqu\u00e9es dans la transaction.<\/p>\n\n\n\n<p>Les conditions g\u00e9n\u00e9rales de vente sont accessibles \u00e0 tout moment via un lien direct situ\u00e9 en bas de page du site et la version applicable est celle consult\u00e9e en ligne au moment de la Commande.<\/p>\n\n\n\n<p>Les pr\u00e9sentes conditions g\u00e9n\u00e9rales de vente ont priorit\u00e9 sur toutes autres conditions g\u00e9n\u00e9rales ou particuli\u00e8res qui ne seraient pas express\u00e9ment accept\u00e9es par la Soci\u00e9t\u00e9.<\/p>\n\n\n\n<p><\/p>\n\n\n\n<p>2. Identit\u00e9 vendeur et contact<\/p>\n\n\n\n<p>Ma vieille peau est exploit\u00e9 par Quentin PETIT en auto-entreprise. <\/p>\n\n\n\n<p>Adresse postale : 1 rue de Fontenille, 03300 Molles<\/p>\n\n\n\n<p>Contact : contact@mavieillepeau.com<\/p>\n\n\n\n<p>3. Capacit\u00e9 juridique et validation des conditions g\u00e9n\u00e9rales<\/p>\n\n\n\n<p>Capacit\u00e9 juridique :<\/p>\n\n\n\n<p>Le Site est accessible \u00e0 toute personne physique ayant la pleine capacit\u00e9 juridique pour accepter les pr\u00e9sentes conditions g\u00e9n\u00e9rales. Les personnes physiques n&rsquo;ayant pas la pleine capacit\u00e9 juridique ne peuvent acc\u00e9der au Site qu&rsquo;avec l&rsquo;accord de leur repr\u00e9sentant l\u00e9gal.<\/p>\n\n\n\n<p>Les personnes morales peuvent acc\u00e9der au Site en agissant par l&rsquo;interm\u00e9diaire d&rsquo;une personne physique ayant la capacit\u00e9 juridique pour conclure des contrats au nom et pour le compte de la personne morale.<\/p>\n\n\n\n<p>Validation des conditions g\u00e9n\u00e9rales :<\/p>\n\n\n\n<p>Si l\u2019acheteur ne souhaite pas \u00eatre li\u00e9 par les pr\u00e9sentes conditions g\u00e9n\u00e9rales,il ne doit pas passer de commande sur le site.<\/p>\n\n\n\n<p>4. Inscription sur le site:<\/p>\n\n\n\n<p>Il est possible de passer une Commande sans avoir \u00e0 s&rsquo;inscrire sur le site en tant qu&rsquo;Acheteur.<\/p>\n\n\n\n<p>Pour s&rsquo;inscrire, l&rsquo;Acheteur doit remplir le formulaire pr\u00e9vu \u00e0 cet effet et fournir toutes les informations obligatoires. Toute inscription incompl\u00e8te sera rejet\u00e9e.<\/p>\n\n\n\n<p>L&rsquo;inscription entra\u00eene automatiquement l&rsquo;ouverture d&rsquo;un compte au nom de l&rsquo;Acheteur, donnant acc\u00e8s \u00e0 un espace personnel pour g\u00e9rer les achats de mani\u00e8re appropri\u00e9e.<\/p>\n\n\n\n<p>L&rsquo;Acheteur doit fournir des informations exactes, \u00e0 jour et sinc\u00e8res, et les mettre \u00e0 jour en cas de changement. Les informations saisies dans le formulaire d&rsquo;inscription valent preuve de son identit\u00e9.<\/p>\n\n\n\n<p>L&rsquo;Acheteur peut acc\u00e9der \u00e0 tout moment \u00e0 son Espace Personnel en utilisant son identifiant de connexion et son mot de passe. Il s&rsquo;engage \u00e0 utiliser son Compte personnellement et \u00e0 maintenir la confidentialit\u00e9 de son identifiant et de son mot de passe. En cas d&rsquo;utilisation non autoris\u00e9e, l&rsquo;Acheteur doit contacter imm\u00e9diatement la Soci\u00e9t\u00e9 et reconna\u00eet \u00e0 celle-ci le droit de prendre les mesures n\u00e9cessaires.<\/p>\n\n\n\n<p>5. Caract\u00e9ristique des produits<\/p>\n\n\n\n<p>Avant de passer une commande, l&rsquo;Acheteur a la possibilit\u00e9 de consulter sur le site les caract\u00e9ristiques de chaque produit qu&rsquo;il souhaite commander, conform\u00e9ment \u00e0 l&rsquo;article L111-1 du Code de la consommation.<\/p>\n\n\n\n<p>Les produits sont propos\u00e9s \u00e0 la vente en ligne dans la limite des stocks disponibles, sauf indication contraire pour les produits en pr\u00e9commande.<\/p>\n\n\n\n<p>Les photographies et descriptions des produits sont aussi pr\u00e9cises que possible, mais n&rsquo;engagent la responsabilit\u00e9 de la Soci\u00e9t\u00e9 qu&rsquo;\u00e0 hauteur de ce qui est explicitement mentionn\u00e9. L&rsquo;Acheteur est averti que certaines caract\u00e9ristiques des produits, telles que leur couleur, peuvent ne pas correspondre exactement aux photographies pr\u00e9sent\u00e9es sur le Site, en raison de contraintes techniques.<\/p>\n\n\n\n<p>6. Commande<\/p>\n\n\n\n<p>Le client peut acheter un ou plusieurs produit(s).<\/p>\n\n\n\n<p>Lorsqu&rsquo;un Acheteur souhaite passer une commande, il doit choisir le produit souhait\u00e9 et le placer dans son panier.<\/p>\n\n\n\n<p>Il peut consulter le r\u00e9capitulatif de son panier \u00e0 tout moment avant la validation d\u00e9finitive de sa commande et corriger toute erreur \u00e9ventuelle.<\/p>\n\n\n\n<p>La commande est consid\u00e9r\u00e9e comme effectu\u00e9e lorsque la Soci\u00e9t\u00e9 y a acc\u00e8s.<\/p>\n\n\n\n<p>Une fois que la commande est pay\u00e9e, l&rsquo;acheteur re\u00e7oit une confirmation par email r\u00e9capitulant les \u00e9l\u00e9ments de la commande ainsi que le d\u00e9lai de livraison pr\u00e9vu celui ci pouvant l\u00e9g\u00e8rement varier en fonction du nombre de commande, les produits \u00e9tant fait main.<\/p>\n\n\n\n<p>L&rsquo;adresse email fournie doit \u00eatre correcte pour recevoir la confirmation, et en cas de non-r\u00e9ception, l&rsquo;Acheteur doit contacter la Soci\u00e9t\u00e9.<\/p>\n\n\n\n<p>Il est conseill\u00e9 \u00e0 l&rsquo;Acheteur de conserver les informations de la confirmation de commande, et la confirmation est consid\u00e9r\u00e9e comme re\u00e7ue par l&rsquo;Acheteur d\u00e8s qu&rsquo;il y a acc\u00e8s.<\/p>\n\n\n\n<p>Annulation ou suspension de la commande<\/p>\n\n\n\n<p>La Soci\u00e9t\u00e9 peut annuler toute commande si le produit est en rupture de stock. Ou vous tenir inform\u00e9 du d\u00e9lais de r\u00e9approvisionnement.<\/p>\n\n\n\n<p>7. Prix et paiement<\/p>\n\n\n\n<p>Les prix des produits sont disponibles sur le site et sont g\u00e9n\u00e9ralement indiqu\u00e9s en euros, toutes taxes comprises (TVA non applicable, art.293 B du CGI, et autres taxes applicables), sauf mention contraire.<\/p>\n\n\n\n<p>La soci\u00e9t\u00e9 peut \u00e9galement proposer des offres promotionnelles ou des r\u00e9ductions de prix selon sa libre discr\u00e9tion et selon les modalit\u00e9s qu&rsquo;elle juge appropri\u00e9es.<\/p>\n\n\n\n<p>Les prix ne comprennent pas les frais de livraison qui peuvent s&rsquo;appliquer \u00e0 la livraison des produits et qui seront factur\u00e9s en sus du prix des produits. Le montant des frais de livraison applicables sera pr\u00e9cis\u00e9 \u00e0 l&rsquo;acheteur avant la validation de sa commande.<\/p>\n\n\n\n<p>Modification des prix :<\/p>\n\n\n\n<p>La Soci\u00e9t\u00e9 se r\u00e9serve le droit de modifier les prix des produits \u00e0 tout moment, \u00e0 sa discr\u00e9tion.<\/p>\n\n\n\n<p>Si l&rsquo;acheteur effectue une commande apr\u00e8s l&rsquo;entr\u00e9e en vigueur des nouveaux prix, il sera consid\u00e9r\u00e9 comme ayant accept\u00e9 les nouveaux prix.<\/p>\n\n\n\n<p>Paiement : <\/p>\n\n\n\n<p>Pour la commande, le paiement int\u00e9gral des Produits est exig\u00e9 en euros au moment de la commande. Le paiement s&rsquo;effectue en ligne, par carte bancaire via le prestataire de service de paiement Stripe. La Soci\u00e9t\u00e9 ne conserve aucune information bancaire de l&rsquo;acheteur.<\/p>\n\n\n\n<p>D&rsquo;autres modes de paiement peuvent \u00eatre propos\u00e9s sur le Site lors de la commande.<\/p>\n\n\n\n<p>L&rsquo;acheteur garantit disposer des autorisations n\u00e9cessaires pour utiliser le mode de paiement choisi.<\/p>\n\n\n\n<p>La soci\u00e9t\u00e9 se r\u00e9serve le droit de suspendre ou d&rsquo;annuler toute commande ou livraison, en cas de non-paiement d&rsquo;une somme due par l&rsquo;acheteur, d&rsquo;incident de paiement ou de fraude ou tentative de fraude li\u00e9e \u00e0 l&rsquo;utilisation du Site. Des p\u00e9nalit\u00e9s correspondant \u00e0 1,5 fois le taux d&rsquo;int\u00e9r\u00eat l\u00e9gal fran\u00e7ais s&rsquo;appliqueront automatiquement pour tout montant impay\u00e9 d\u00e8s la premi\u00e8re mise en demeure envoy\u00e9e par lettre recommand\u00e9e avec accus\u00e9 de r\u00e9ception.<\/p>\n\n\n\n<p>Facture :<\/p>\n\n\n\n<p>Le client peut retrouver la facture de sa commande sur son espace personnel et dans sa boite mail.<\/p>\n\n\n\n<p>Propri\u00e9t\u00e9 des produits :<\/p>\n\n\n\n<p>La soci\u00e9t\u00e9 reste pleine propri\u00e9taire des produits vendus jusqu&rsquo;\u00e0 l&rsquo;encaissement complet du prix de vente, frais de livraison inclus.<\/p>\n\n\n\n<p>8. Exp\u00e9dition<\/p>\n\n\n\n<p><em><strong>Client France M\u00e9tropolitaine<\/strong><\/em><br>Les envois sont prit en charge par courrier ou Colissimo sans signature en fonction de la taille de la commande.<\/p>\n\n\n\n<p><br><em><strong>Client hors France M\u00e9tropolitaine<\/strong><\/em><br>Merci d&rsquo;utiliser le mail de contact ( contact@mavieillepeau.com ) afin de trouver ensemble la meilleure solution d&rsquo;envoi. Des frais de ports s&rsquo;appliqueront.<\/p>\n\n\n\n<p>D\u00e9lais de livraison :<\/p>\n\n\n\n<p>Si plusieurs articles ont \u00e9t\u00e9 command\u00e9s, la soci\u00e9t\u00e9 peut d\u00e9cider de fractionner les exp\u00e9ditions et de ne facturer les frais de livraison qu&rsquo;une seule fois.<\/p>\n\n\n\n<p>Si l&rsquo;acheteur ne r\u00e9cup\u00e8re pas sa commande, la soci\u00e9t\u00e9 proc\u00e8dera au remboursement de la commande d\u00e9duite des frais de livraison une fois le colis non r\u00e9cup\u00e9r\u00e9, retourn\u00e9 par la Soci\u00e9t\u00e9.<\/p>\n\n\n\n<p>L&rsquo;acheteur doit fournir les informations n\u00e9cessaires pour s&rsquo;assurer de la bonne r\u00e9ception des informations relatives au statut de livraison durant l&rsquo;acheminement de sa commande.<\/p>\n\n\n\n<p>9. Droit de r\u00e9tractation<\/p>\n\n\n\n<p>L&rsquo;acheteur dispose d&rsquo;un d\u00e9lai de 14 jours ouvr\u00e9s pour se r\u00e9tracter sans justification ni p\u00e9nalit\u00e9, \u00e0 partir de la r\u00e9ception des produits. Les frais de retour sont \u00e0 la charge de l&rsquo;acheteur. Si la commande comporte plusieurs produits livr\u00e9s s\u00e9par\u00e9ment, le d\u00e9lai court \u00e0 partir de la r\u00e9ception du dernier produit.<\/p>\n\n\n\n<p>Pour exercer son droit de r\u00e9tractation, l&rsquo;acheteur doit remplir un formulaire de r\u00e9tractation ou envoyer une d\u00e9claration claire exprimant sa volont\u00e9 de se r\u00e9tracter avant l&rsquo;expiration du d\u00e9lai.<\/p>\n\n\n\n<p>Les produits doivent \u00eatre retourn\u00e9s dans leur emballage d&rsquo;origine dans les 14 jours suivant la communication de la r\u00e9tractation et accompagn\u00e9s d&rsquo;une copie de la facture. L&rsquo;acheteur est responsable en cas de d\u00e9t\u00e9rioration des produits pendant le retour.<\/p>\n\n\n\n<p>Le remboursement sera effectu\u00e9 d\u00e8s que possible, dans un d\u00e9lai maximum de 14 jours suivant la r\u00e9ception de la demande de r\u00e9tractation, d\u00e9duction faite des frais de retour.<\/p>\n\n\n\n<p>Le remboursement sera effectu\u00e9 par le m\u00eame moyen de paiement que celui utilis\u00e9 pour la transaction initiale, sauf accord expr\u00e8s de l&rsquo;acheteur.<\/p>\n\n\n\n<p>10. Garanties l\u00e9gales<\/p>\n\n\n\n<p>L&rsquo;acheteur est prot\u00e9g\u00e9 par les garanties l\u00e9gales de non-conformit\u00e9 et de vices cach\u00e9s pour les produits achet\u00e9s sur le site.<\/p>\n\n\n\n<p>Si l&rsquo;acheteur re\u00e7oit un produit pr\u00e9sentant un d\u00e9faut, une non-conformit\u00e9 ou est endommag\u00e9, il doit contacter la soci\u00e9t\u00e9 en fournissant tous les d\u00e9tails et des photos pour \u00e9tayer sa demande.<\/p>\n\n\n\n<p>La soci\u00e9t\u00e9 organisera le retour du produit d\u00e9fectueux en supportant les frais de retour et en informera l&rsquo;acheteur.<\/p>\n\n\n\n<p>Les produits retourn\u00e9s doivent \u00eatre dans leur emballage d&rsquo;origine et accompagn\u00e9s de la copie de la facture d&rsquo;achat.<\/p>\n\n\n\n<p>Si ce processus n&rsquo;est pas suivi, le retour du \/des produit \/s ne sera pas pris en compte.<\/p>\n\n\n\n<p>Si le d\u00e9faut, la non-conformit\u00e9 ou l&rsquo;endommagement est av\u00e9r\u00e9, la soci\u00e9t\u00e9 proposera le remplacement du produit, ou le remboursement int\u00e9gral du prix d&rsquo;achat ainsi que les frais de livraison. Si le remplacement du produit n&rsquo;est pas possible, la soci\u00e9t\u00e9 remboursera l&rsquo;acheteur dans les meilleurs d\u00e9lais et au plus tard dans les 14 jours suivant la notification de l&rsquo;impossibilit\u00e9 de remplacer le produit. Les produits retourn\u00e9s qui ne respectent pas les modalit\u00e9s d\u00e9crites ne seront pas pris en compte.<\/p>\n\n\n\n<p>Nos cuirs sont choisis pour leurs diff\u00e9rences, leurs d\u00e9fauts, leurs \u00e2mes. Ils peuvent donc pr\u00e9senter ce que certains appellent des d\u00e9fauts d&rsquo;aspects, pour nous il s&rsquo;agit de cuirs avec du v\u00e9cu. Ainsi, les plis, les vergetures, les griffures ne seront pas consid\u00e9r\u00e9s comme d\u00e9faut d\u00e9clenchant un remboursement ou un \u00e9change. Nous faisons cependant attention \u00e0 ce que ses d\u00e9fauts ne d\u00e9gradent pas la tenue du cuir et la r\u00e9sistance du produit. La beaut\u00e9 de ces cuirs non retouch\u00e9s rend chaque produit unique.<\/p>\n\n\n\n<p>Rappel de la garantie l\u00e9gale de conformit\u00e9, le consommateur :<\/p>\n\n\n\n<ul class=\"wp-block-list\">\n<li>B\u00e9n\u00e9ficie d&rsquo;un d\u00e9lais de deux ans \u00e0 compter de la d\u00e9livrance du bien pour agir;<\/li>\n\n\n\n<li>Peut choisir entre la r\u00e9paration ou le remplacement du bien, sous r\u00e9serve des conditions de co\u00fbt pr\u00e9vues par l\u2019article L217-9 du Code de la consommation;<\/li>\n\n\n\n<li>Est dispens\u00e9 de rapporter la preuve de l&rsquo;existence du d\u00e9faut de conformit\u00e9 du bien durant les vingt-quatre mois suivant sa d\u00e9livrance.<\/li>\n<\/ul>\n\n\n\n<p>Il est \u00e9galement rappel\u00e9 que la garantie l\u00e9gale de conformit\u00e9 s&rsquo;applique ind\u00e9pendamment de toute garantie commerciale \u00e9ventuellement consentie.<\/p>\n\n\n\n<p>Tout consommateur peut en outre d\u00e9cider de mettre en \u0153uvre la garantie contre les d\u00e9faut cach\u00e9s de la chose vendue au sens de l&rsquo;article 1641 du code civil. Dans cette hypoth\u00e8se, il peut choisir entre la r\u00e9solution de la vente ou une r\u00e9duction du prix de vente conform\u00e9ment \u00e0 l&rsquo;article 1644 du code civil.<\/p>\n\n\n\n<p>11. Obligation du client<\/p>\n\n\n\n<p>Le client \u00e0 la responsabilit\u00e9 de l&rsquo;usage des produits. Il doit de ce fait v\u00e9rifier la correspondance entre l&rsquo;usage sp\u00e9cifique du produits et les produits, avant achats.<\/p>\n\n\n\n<p>Aucune copie des informations de l&rsquo;espace personnel ne sera fourni, il appartient donc au client de s&rsquo;assurer de sauvegarder tout ce qui lui semble n\u00e9cessaire.<\/p>\n\n\n\n<p>12. Responsabilit\u00e9 de la soci\u00e9t\u00e9<\/p>\n\n\n\n<p>La soci\u00e9t\u00e9 s&rsquo;engage \u00e0 v\u00e9rifier r\u00e9guli\u00e8rement le bon fonctionnement et l&rsquo;accessibilit\u00e9 du site en effectuant des contr\u00f4les. Pour cette raison, la soci\u00e9t\u00e9 peut interrompre temporairement l&rsquo;acc\u00e8s au site pour des raisons de maintenance. Elle n&rsquo;est pas responsable des difficult\u00e9s ou des impossibilit\u00e9s d&rsquo;acc\u00e8s au site qui peuvent survenir en raison de circonstances ext\u00e9rieures, de force majeure ou de perturbations des r\u00e9seaux de t\u00e9l\u00e9communication.<\/p>\n\n\n\n<p>La soci\u00e9t\u00e9 ne peut \u00eatre tenue responsable de l&rsquo;inex\u00e9cution ou du retard dans l&rsquo;ex\u00e9cution des contrats de vente si cela est d\u00fb \u00e0 des circonstances ext\u00e9rieures ou \u00e0 un cas de force majeure, tel que d\u00e9fini dans l&rsquo;article 1218 du Code civil. Les cas de force majeure incluent les intemp\u00e9ries exceptionnelles, les catastrophes naturelles, les incendies, les inondations, la foudre, les attentats, les ruptures ou blocages des r\u00e9seaux de t\u00e9l\u00e9communication, de transport ou des services postaux, y compris en cas de gr\u00e8ve, ainsi que les dommages caus\u00e9s par des virus pour lesquels les mesures de s\u00e9curit\u00e9 existantes sur le march\u00e9 ne permettent pas leur \u00e9radication. Toutefois, la soci\u00e9t\u00e9 ne peut \u00eatre exon\u00e9r\u00e9e de sa responsabilit\u00e9 en cas d&rsquo;obligation l\u00e9gale, r\u00e9glementaire ou d&rsquo;ordre public impos\u00e9e par les autorit\u00e9s comp\u00e9tentes, qui aurait pour effet de modifier de mani\u00e8re substantielle les conditions g\u00e9n\u00e9rales.<\/p>\n\n\n\n<p>La soci\u00e9t\u00e9 n&rsquo;est pas responsable de l&rsquo;inex\u00e9cution ou du retard dans la livraison si l&rsquo;adresse de livraison fournie par l&rsquo;acheteur est inexacte ou impr\u00e9cise, conform\u00e9ment \u00e0 l&rsquo;article 8.2. Si une nouvelle livraison doit \u00eatre effectu\u00e9e, les frais correspondants seront factur\u00e9s \u00e0 l&rsquo;acheteur.<\/p>\n\n\n\n<p>En tout \u00e9tat de cause, la responsabilit\u00e9 de la soci\u00e9t\u00e9 envers les acheteurs est limit\u00e9e aux seuls dommages directs av\u00e9r\u00e9s.<\/p>\n\n\n\n<p>13. Propri\u00e9t\u00e9 intellectuelle<\/p>\n\n\n\n<p>Les \u00e9l\u00e9ments utilis\u00e9s par la soci\u00e9t\u00e9 sur son site web, tels que les syst\u00e8mes, les logiciels, les structures, les infrastructures, les bases de donn\u00e9es et les contenus de toute nature (textes, images, visuels, musiques, logos, marques, bases de donn\u00e9es, etc.), sont prot\u00e9g\u00e9s par les lois sur les droits de propri\u00e9t\u00e9 intellectuelle et les droits des producteurs de bases de donn\u00e9es en vigueur. Toute reproduction, repr\u00e9sentation, diffusion ou utilisation, en tout ou en partie, de ces \u00e9l\u00e9ments sans l&rsquo;autorisation pr\u00e9alable de la Soci\u00e9t\u00e9 est strictement interdite. Les actes tels que le d\u00e9sassemblage, la d\u00e9compilation, le d\u00e9cryptage, l&rsquo;extraction, la r\u00e9utilisation ou la copie de ces \u00e9l\u00e9ments peuvent faire l&rsquo;objet de poursuites judiciaires.<\/p>\n\n\n\n<p>14. Donnes \u00e0 caract\u00e8re personnel<\/p>\n\n\n\n<p>Ma vieille peau respecte une politique de protection de donn\u00e9es d\u00e9taill\u00e9 sur la page \u00ab\u00a0politique de confidentialit\u00e9\u00a0\u00bb. Le client est invit\u00e9 \u00e0 en prendre connaissance.<\/p>\n\n\n\n<p>15 Publicit\u00e9<\/p>\n\n\n\n<p>Ma vieille peau peut d\u00e9cider \u00e0 tout moment et sur n&rsquo;importe quelle page du site, d\u2019ins\u00e9rer des messages publicitaire ou promotionnels sous des conditions dont elle sera seule juge.<\/p>\n\n\n\n<p>16. Liens et Site tiers<\/p>\n\n\n\n<p>La soci\u00e9t\u00e9 d\u00e9cline toute responsabilit\u00e9 quant \u00e0 la disponibilit\u00e9 technique des sites web ou des applications mobiles exploit\u00e9s par des tiers, y compris ses \u00e9ventuels partenaires, auxquels l&rsquo;acheteur peut acc\u00e9der via le site.<\/p>\n\n\n\n<p>La soci\u00e9t\u00e9 n&rsquo;est pas responsable des contenus, des publicit\u00e9s, des produits et\/ou des services disponibles sur ces sites et applications mobiles tiers, qui sont r\u00e9gis par leurs propres conditions d&rsquo;utilisation. En outre, la soci\u00e9t\u00e9 ne prend aucune responsabilit\u00e9 pour les transactions qui ont lieu entre l&rsquo;acheteur et tout annonceur, professionnel ou commer\u00e7ant (y compris ses \u00e9ventuels partenaires) vers lequel l&rsquo;acheteur est dirig\u00e9 via le site. La soci\u00e9t\u00e9 ne peut en aucun cas \u00eatre impliqu\u00e9e dans des litiges \u00e9ventuels avec ces tiers, notamment en ce qui concerne la livraison de produits et\/ou de services, les garanties, les d\u00e9clarations et les autres obligations que ces tiers peuvent avoir.<\/p>\n\n\n\n<p>17. Comportements interdits<\/p>\n\n\n\n<p>Il est interdit de mener toute action qui pourrait perturber, suspendre, ralentir ou emp\u00eacher le bon fonctionnement du Site, d&rsquo;essayer d&rsquo;acc\u00e9der ou de p\u00e9n\u00e9trer dans les syst\u00e8mes de la Soci\u00e9t\u00e9, de d\u00e9tourner les ressources du Site, de surcharger les infrastructures du Site, de violer les mesures de s\u00e9curit\u00e9 et d&rsquo;authentification, de porter atteinte aux droits et int\u00e9r\u00eats financiers, commerciaux ou moraux de la Soci\u00e9t\u00e9 ou de ses utilisateurs, d&rsquo;utiliser le Site \u00e0 des fins autres que celles pour lesquelles il a \u00e9t\u00e9 con\u00e7u, ou de violer les pr\u00e9sentes conditions g\u00e9n\u00e9rales ou les lois et r\u00e8glements en vigueur.<\/p>\n\n\n\n<p>Il est \u00e9galement strictement interdit de vendre, conc\u00e9der ou monnayer l&rsquo;acc\u00e8s au Site ou \u00e0 ses informations.<\/p>\n\n\n\n<p>En cas de violation de l&rsquo;une de ces dispositions ou de toute autre infraction aux lois et r\u00e8glements en vigueur, la Soci\u00e9t\u00e9 se r\u00e9serve le droit de prendre toutes les mesures n\u00e9cessaires et d&rsquo;engager des poursuites judiciaires.<\/p>\n\n\n\n<p>18. Dur\u00e9e, d\u00e9sinscription<\/p>\n\n\n\n<p>Si l&rsquo;acheteur \u00e0 cr\u00e9\u00e9 un compte sur le site, il a la possibilit\u00e9 de se d\u00e9sinscrire \u00e0 tout moment en cliquant sur la rubrique \u00ab\u00a0Supprimer mon compte\u00a0\u00bb dans son espace personnel. <\/p>\n\n\n\n<p>La d\u00e9sinscription sera effective imm\u00e9diatement et entra\u00eenera la suppression automatique du compte de l&rsquo;acheteur. <\/p>\n\n\n\n<p>La soci\u00e9t\u00e9 supprimera tout compte qui n&rsquo;a pas \u00e9t\u00e9 utilis\u00e9 pendant une p\u00e9riode de 36 mois cons\u00e9cutifs.<\/p>\n\n\n\n<p>19. Modifications<\/p>\n\n\n\n<p>La soci\u00e9t\u00e9 a le droit de modifier les pr\u00e9sentes conditions g\u00e9n\u00e9rales de vente \u00e0 tout moment. L&rsquo;acheteur sera inform\u00e9 de ces modifications par tout moyen utile au moins un mois avant leur entr\u00e9e en vigueur. <\/p>\n\n\n\n<p>Les conditions applicables seront celles en vigueur \u00e0 la date de la commande de l&rsquo;acheteur.<\/p>\n\n\n\n<p>20. Langue<\/p>\n\n\n\n<p>Si les pr\u00e9sentes conditions g\u00e9n\u00e9rales sont traduites dans une ou plusieurs langues, la langue fran\u00e7aise pr\u00e9vaudra en cas de contradiction ou de contestation sur la signification d&rsquo;un terme ou d&rsquo;une disposition.<\/p>\n\n\n\n<p>21. Loi applicable et juridiction<\/p>\n\n\n\n<p>Ces conditions g\u00e9n\u00e9rales sont r\u00e9gies par la Loi Fran\u00e7aise.<br><br><strong>INFORMATION COMPL\u00c9MENTAIRE<\/strong><br><\/p>\n\n\n\n<p>Si vous ne trouvez pas le produit qui vous plait avec la couleur de cuir que vous avez vu dans la galerie, n\u2019h\u00e9sitez pas \u00e0 nous contacter, nous verrons ensemble s&rsquo;il est possible de retrouver ce cuir. Attention, si ce cuir n&rsquo;est plus en stock, un d\u00e9lai de plusieurs semaines peut avoir lieu pour qu&rsquo;il nous soit livr\u00e9, donc que le produit final vous soit livr\u00e9.<\/p>\n\n\n\n<p>Tous les produits seront prot\u00e9g\u00e9s avec un baume pour cuir naturel compos\u00e9 de beurre de cacao, de cire d&rsquo;abeille, et d&rsquo; huile d&rsquo;amande douce. Mais n&rsquo;oubliez pas de continuer \u00e0 l&rsquo;entretenir pour le conserver le plus longtemps possible en bon \u00e9tat. <\/p>\n\n\n\n<p><strong>Attention, si vous pr\u00e9sentez une allergie \u00e0 l&rsquo;un des produits pr\u00e9-cit\u00e9 n&rsquo;oubliez pas de le pr\u00e9ciser dans la case commentaire lors de la commande afin que je n&rsquo;applique pas se baume.<\/strong><\/p>\n\n\n\n<p>\u00ab\u00a0Et faites attention pour le cuir, c&rsquo;est joli mais c&rsquo;est quand m\u00eame salissant\u00a0\u00bb Kaamelott<\/p>\n","protected":false},"excerpt":{"rendered":"<p>Conditions g\u00e9n\u00e9rales de vente applicables sur le site Le site www.mavieillepeau.com est une plateforme de commerce \u00e9lectronique qui permet aux acheteurs en ligne d&rsquo;acqu\u00e9rir diff\u00e9rents produits de maroquineries disponibles \u00e0 la vente sur la plateforme. Ce site commercialise ses produits \u00e0 travers des ventes uniques, appel\u00e9es \u00ab\u00a0Commandes\u00a0\u00bb. Les pr\u00e9sentes conditions g\u00e9n\u00e9rales de vente s&rsquo;appliquent \u00e0 [&hellip;]<\/p>\n","protected":false},"author":1,"featured_media":0,"parent":0,"menu_order":0,"comment_status":"closed","ping_status":"closed","template":"","meta":{"footnotes":""},"class_list":["post-11","page","type-page","status-publish","hentry"],"jetpack_sharing_enabled":true,"_links":{"self":[{"href":"https:\/\/www.mavieillepeau.com\/index.php\/wp-json\/wp\/v2\/pages\/11","targetHints":{"allow":["GET"]}}],"collection":[{"href":"https:\/\/www.mavieillepeau.com\/index.php\/wp-json\/wp\/v2\/pages"}],"about":[{"href":"https:\/\/www.mavieillepeau.com\/index.php\/wp-json\/wp\/v2\/types\/page"}],"author":[{"embeddable":true,"href":"https:\/\/www.mavieillepeau.com\/index.php\/wp-json\/wp\/v2\/users\/1"}],"replies":[{"embeddable":true,"href":"https:\/\/www.mavieillepeau.com\/index.php\/wp-json\/wp\/v2\/comments?post=11"}],"version-history":[{"count":8,"href":"https:\/\/www.mavieillepeau.com\/index.php\/wp-json\/wp\/v2\/pages\/11\/revisions"}],"predecessor-version":[{"id":306,"href":"https:\/\/www.mavieillepeau.com\/index.php\/wp-json\/wp\/v2\/pages\/11\/revisions\/306"}],"wp:attachment":[{"href":"https:\/\/www.mavieillepeau.com\/index.php\/wp-json\/wp\/v2\/media?parent=11"}],"curies":[{"name":"wp","href":"https:\/\/api.w.org\/{rel}","templated":true}]}}